{"id":520,"date":"2024-10-26T18:30:24","date_gmt":"2024-10-26T21:30:24","guid":{"rendered":"https:\/\/tomeimplantes.com.br\/?page_id=520"},"modified":"2024-10-26T18:46:48","modified_gmt":"2024-10-26T21:46:48","slug":"o-que-falam-de-nos","status":"publish","type":"page","link":"https:\/\/tomeimplantes.com.br\/?page_id=520","title":{"rendered":"O que falam de n\u00f3s&#8230;"},"content":{"rendered":"\n<p>Na Cl\u00ednica da Dra. Fernanda Tom\u00e9, a experi\u00eancia dos nossos pacientes \u00e9 a nossa maior prioridade. Aqui, voc\u00ea encontrar\u00e1 relatos emocionantes e inspiradores de pessoas que confiaram em n\u00f3s para transformar seus sorrisos e suas vidas.<\/p>\n\n\n\n<figure class=\"wp-block-embed is-type-video is-provider-youtube wp-block-embed-youtube wp-embed-aspect-16-9 wp-has-aspect-ratio\"><div class=\"wp-block-embed__wrapper\">\n<iframe loading=\"lazy\" title=\"Reabilita\u00e7\u00e3o Oral com Dra. Fernanda Tom\u00e9\" width=\"500\" height=\"281\" src=\"https:\/\/www.youtube.com\/embed\/0Pu3inqAwco?feature=oembed\" frameborder=\"0\" allow=\"accelerometer; autoplay; clipboard-write; encrypted-media; gyroscope; picture-in-picture; web-share\" referrerpolicy=\"strict-origin-when-cross-origin\" allowfullscreen><\/iframe>\n<\/div><figcaption class=\"wp-element-caption\">Paciente Lara<\/figcaption><\/figure>\n\n\n\n<p>Cada v\u00eddeo \u00e9 um testemunho de supera\u00e7\u00e3o e satisfa\u00e7\u00e3o, mostrando como os tratamentos personalizados podem fazer a diferen\u00e7a. Conhe\u00e7a a hist\u00f3ria da Lara, que compartilha sua jornada e a alegria de conquistar um sorriso saud\u00e1vel. Ou\u00e7a tamb\u00e9m o relato do Senhor Walter, que nos conta como os implantes dent\u00e1rios mudaram sua qualidade de vida.<\/p>\n\n\n\n<figure class=\"wp-block-embed is-type-video is-provider-youtube wp-block-embed-youtube wp-embed-aspect-16-9 wp-has-aspect-ratio\"><div class=\"wp-block-embed__wrapper\">\n<iframe loading=\"lazy\" title=\"Paciente senhor Walter\" width=\"500\" height=\"281\" src=\"https:\/\/www.youtube.com\/embed\/WtmBGpw3a0w?feature=oembed\" frameborder=\"0\" allow=\"accelerometer; autoplay; clipboard-write; encrypted-media; gyroscope; picture-in-picture; web-share\" referrerpolicy=\"strict-origin-when-cross-origin\" allowfullscreen><\/iframe>\n<\/div><figcaption class=\"wp-element-caption\">Paciente senhor Walter<\/figcaption><\/figure>\n\n\n\n<p>Esses depoimentos refletem o carinho e a dedica\u00e7\u00e3o que temos em cada atendimento. Estamos sempre em busca de proporcionar a melhor experi\u00eancia poss\u00edvel para nossos pacientes, e essas hist\u00f3rias s\u00e3o a prova do nosso compromisso.<\/p>\n\n\n\n<figure class=\"wp-block-embed is-type-video is-provider-youtube wp-block-embed-youtube wp-embed-aspect-4-3 wp-has-aspect-ratio\"><div class=\"wp-block-embed__wrapper\">\n<iframe loading=\"lazy\" title=\"WhatsApp Video 2024 10 26 at 18 43 05\" width=\"500\" height=\"375\" src=\"https:\/\/www.youtube.com\/embed\/Db33cRl4axU?feature=oembed\" frameborder=\"0\" allow=\"accelerometer; autoplay; clipboard-write; encrypted-media; gyroscope; picture-in-picture; web-share\" referrerpolicy=\"strict-origin-when-cross-origin\" allowfullscreen><\/iframe>\n<\/div><\/figure>\n\n\n\n<p>Acompanhe as emo\u00e7\u00f5es, os desafios e as conquistas de quem viveu essa transforma\u00e7\u00e3o ao nosso lado. Se voc\u00ea tamb\u00e9m deseja iniciar essa jornada, estamos aqui para acolh\u00ea-lo e gui\u00e1-lo em cada passo do caminho.<\/p>\n\n\n\n<div class=\"wp-block-columns is-layout-flex wp-container-core-columns-is-layout-9d6595d7 wp-block-columns-is-layout-flex\">\n<div class=\"wp-block-column is-layout-flow wp-block-column-is-layout-flow\"><\/div>\n\n\n\n<div class=\"wp-block-column is-layout-flow wp-block-column-is-layout-flow\"><\/div>\n\n\n\n<div class=\"wp-block-column is-layout-flow wp-block-column-is-layout-flow\"><\/div>\n<\/div>\n","protected":false},"excerpt":{"rendered":"<p>Na Cl\u00ednica da Dra. Fernanda Tom\u00e9, a experi\u00eancia dos nossos pacientes \u00e9 a nossa maior prioridade. Aqui, voc\u00ea encontrar\u00e1 relatos emocionantes e inspiradores de pessoas que confiaram em n\u00f3s para transformar seus sorrisos e suas vidas. Cada v\u00eddeo \u00e9 um testemunho de supera\u00e7\u00e3o e satisfa\u00e7\u00e3o, mostrando como os tratamentos personalizados podem fazer a diferen\u00e7a. Conhe\u00e7a [&hellip;]<\/p>\n","protected":false},"author":1,"featured_media":0,"parent":0,"menu_order":0,"comment_status":"closed","ping_status":"closed","template":"","meta":{"ngg_post_thumbnail":0,"footnotes":""},"class_list":["post-520","page","type-page","status-publish","hentry"],"_links":{"self":[{"href":"https:\/\/tomeimplantes.com.br\/index.php?rest_route=\/wp\/v2\/pages\/520","targetHints":{"allow":["GET"]}}],"collection":[{"href":"https:\/\/tomeimplantes.com.br\/index.php?rest_route=\/wp\/v2\/pages"}],"about":[{"href":"https:\/\/tomeimplantes.com.br\/index.php?rest_route=\/wp\/v2\/types\/page"}],"author":[{"embeddable":true,"href":"https:\/\/tomeimplantes.com.br\/index.php?rest_route=\/wp\/v2\/users\/1"}],"replies":[{"embeddable":true,"href":"https:\/\/tomeimplantes.com.br\/index.php?rest_route=%2Fwp%2Fv2%2Fcomments&post=520"}],"version-history":[{"count":4,"href":"https:\/\/tomeimplantes.com.br\/index.php?rest_route=\/wp\/v2\/pages\/520\/revisions"}],"predecessor-version":[{"id":572,"href":"https:\/\/tomeimplantes.com.br\/index.php?rest_route=\/wp\/v2\/pages\/520\/revisions\/572"}],"wp:attachment":[{"href":"https:\/\/tomeimplantes.com.br\/index.php?rest_route=%2Fwp%2Fv2%2Fmedia&parent=520"}],"curies":[{"name":"wp","href":"https:\/\/api.w.org\/{rel}","templated":true}]}}