{"id":350,"date":"2024-10-26T12:54:11","date_gmt":"2024-10-26T15:54:11","guid":{"rendered":"http:\/\/tomeimplantes.com.br\/?page_id=350"},"modified":"2024-10-26T13:16:43","modified_gmt":"2024-10-26T16:16:43","slug":"clinica","status":"publish","type":"page","link":"https:\/\/tomeimplantes.com.br\/?page_id=350","title":{"rendered":"Nossa Cl\u00ednica"},"content":{"rendered":"\n<p style=\"font-size:25px\">Na cl\u00ednica da Dra. Fernanda Tom\u00e9, nosso foco est\u00e1 em proporcionar a alegria de um sorriso renovado, com conforto e seguran\u00e7a. Especializada em implantodontia e com uma abordagem cuidadosa e atualizada, a Dra. Fernanda trabalha para devolver n\u00e3o apenas a funcionalidade, mas tamb\u00e9m a beleza e a confian\u00e7a que um sorriso saud\u00e1vel pode trazer.<\/p>\n\n\n\nngg_shortcode_0_placeholder\n\n\n\n<p style=\"font-size:25px\">Localizada em um espa\u00e7o moderno e acolhedor, nossa cl\u00ednica conta com tecnologias de ponta e uma equipe dedicada ao cuidado integral de cada paciente, oferecendo solu\u00e7\u00f5es personalizadas e eficientes. Acreditamos que cada sorriso conta uma hist\u00f3ria, e nosso compromisso \u00e9 transformar essa hist\u00f3ria em uma experi\u00eancia positiva, que devolva a alegria e a qualidade de vida a quem nos procura.<\/p>\n\n\n\n<p style=\"font-size:25px\">Com a Dra. Fernanda Tom\u00e9, o seu sorriso est\u00e1 em m\u00e3os experientes e atentas, prontas para acompanhar cada fase do seu tratamento, da avalia\u00e7\u00e3o inicial ao acompanhamento p\u00f3s-operat\u00f3rio. Venha nos conhecer e descobrir como a implantodontia pode transformar o seu sorriso e a sua vida.<\/p>\n","protected":false},"excerpt":{"rendered":"<p>Na cl\u00ednica da Dra. Fernanda Tom\u00e9, nosso foco est\u00e1 em proporcionar a alegria de um sorriso renovado, com conforto e seguran\u00e7a. Especializada em implantodontia e com uma abordagem cuidadosa e atualizada, a Dra. Fernanda trabalha para devolver n\u00e3o apenas a funcionalidade, mas tamb\u00e9m a beleza e a confian\u00e7a que um sorriso saud\u00e1vel pode trazer. Localizada [&hellip;]<\/p>\n","protected":false},"author":1,"featured_media":0,"parent":0,"menu_order":0,"comment_status":"closed","ping_status":"closed","template":"","meta":{"ngg_post_thumbnail":0,"footnotes":""},"class_list":["post-350","page","type-page","status-publish","hentry"],"_links":{"self":[{"href":"https:\/\/tomeimplantes.com.br\/index.php?rest_route=\/wp\/v2\/pages\/350","targetHints":{"allow":["GET"]}}],"collection":[{"href":"https:\/\/tomeimplantes.com.br\/index.php?rest_route=\/wp\/v2\/pages"}],"about":[{"href":"https:\/\/tomeimplantes.com.br\/index.php?rest_route=\/wp\/v2\/types\/page"}],"author":[{"embeddable":true,"href":"https:\/\/tomeimplantes.com.br\/index.php?rest_route=\/wp\/v2\/users\/1"}],"replies":[{"embeddable":true,"href":"https:\/\/tomeimplantes.com.br\/index.php?rest_route=%2Fwp%2Fv2%2Fcomments&post=350"}],"version-history":[{"count":5,"href":"https:\/\/tomeimplantes.com.br\/index.php?rest_route=\/wp\/v2\/pages\/350\/revisions"}],"predecessor-version":[{"id":426,"href":"https:\/\/tomeimplantes.com.br\/index.php?rest_route=\/wp\/v2\/pages\/350\/revisions\/426"}],"wp:attachment":[{"href":"https:\/\/tomeimplantes.com.br\/index.php?rest_route=%2Fwp%2Fv2%2Fmedia&parent=350"}],"curies":[{"name":"wp","href":"https:\/\/api.w.org\/{rel}","templated":true}]}}